pose f - x = -f. What are the prime factors of f?
2, 19
Let l be 32/6 - 4/(-6). Suppose -5*i = 5*z - 25, -z + 18 + 7 = 5*i. Suppose -l = -2*a - z. What are the prime factors of a?
3
Let h(u) = -u**2 + 11*u - 8. Suppose k = 4 + 5. Let w be h(k). Suppose 5*o = -0*o + w. List the prime factors of o.
2
Suppose 3*l = 2*q - 100, -6*l + 2*l + 8 = 0. What are the prime factors of q?
53
Suppose -n = -5*n - 5*h + 55, 5*h - 15 = -2*n. What are the prime factors of n?
2, 5
Let c be (-363)/12 - 1/(-4). Let a = c - -42. List the prime factors of a.
2, 3
Suppose 0 = -3*u + 4*u - 59. List the prime factors of u.
59
Let m = 25 + -20. Suppose -43 = -k + 3*z, -k + 51 - 16 = m*z. What are the prime factors of k?
2, 5
Let a = 122 + -197. What are the prime factors of (a - 3)*2/(-4)?
3, 13
Suppose 1 - 7 = -3*x. Let u be -1*x*(-53)/2. Suppose 2*n + 0*v - v - 33 = 0, -u = -2*n - 3*v. List the prime factors of n.
19
Let c = 10 - 8. What are the prime factors of ((-64)/6)/(c/(-6))?
2
Let k(n) = 5*n - 23. What are the prime factors of k(10)?
3
Let t(d) = -8*d - 1. Let j(z) = -z + 1. Let g(f) = -4*j(f) + t(f). List the prime factors of g(-5).
3, 5
Let k(s) = -2*s**2 - 2*s + 4. Let w be k(-3). List the prime factors of 21 - w/4 - -2.
5
Let s = 13 - 8. Suppose -s - 18 = -3*c + 2*z, 3 = -2*c + 5*z. What are the prime factors of c?
11
Suppose 0 = -3*x + x - 36. Suppose 0 = -4*l - 54 - 66. Let r = x - l. What are the prime factors of r?
2, 3
Suppose 4*t = 29 + 35. Let z = t + -10. List the prime factors of z.
2, 3
Let j(t) = 184*t**3 + t**2 - 3*t + 2. What are the prime factors of j(1)?
2, 23
Let j(m) = -3*m - 1 + 5*m - m + m**2 - 3. List the prime factors of j(-3).
2
Suppose -5*v - g = -4*g - 279, 3*g + 165 = 3*v. List the prime factors of v.
3, 19
Suppose q + 0*r + 16 = 3*r, 3*q + 24 = r. Let n = q + 12. Suppose -n*y = -y - 44. What are the prime factors of y?
11
Let p(c) = -3*c**2 - 6*c + c**3 - 4*c**2 + 1 + 12*c - c. What are the prime factors of p(7)?
2, 3
Let v = -42 + 282. What are the prime factors of v?
2, 3, 5
What are the prime factors of ((-62)/(-8) - 4)*20?
3, 5
Let s(t) = -8*t - 4. Let y(a) = a + 1. Let b(u) = -s(u) - 4*y(u). What are the prime factors of b(2)?
2
Let y = -8 + 13. Let l be 100/15*6/y. Let c = 12 - l. What are the prime factors of c?
2
Let n be (20/(-15))/((-2)/21). What are the prime factors of (4/(-5))/(n/(-175))?
2, 5
Let i(j) = -2*j**2 + j + 90. List the prime factors of i(0).
2, 3, 5
Let j(r) = r - 2. Let m be j(6). Suppose -2*i - 4*c + 10 = 0, -4*i + 4 = -m*c - 4. List the prime factors of i.
3
Let i = 13 - 10. Suppose 0*o + i*o - 54 = 0. List the prime factors of o.
2, 3
Let i(q) = -q**2 + q + 2. Let b be i(0). List the prime factors of b/(-9) - 130/(-18).
7
Suppose -338 - 138 = -4*c. List the prime factors of c.
7, 17
Let g(s) = -s**2 + 12*s + 10. Let r be (-4)/(-6) + 365/15. Suppose 5*m - 35 - r = 0. List the prime factors of g(m).
2, 5
Suppose 3 = 5*n - 7. Suppose u = -4*m - 0*m - 44, 2*m = n*u - 22. Let v = 23 + m. What are the prime factors of v?
2, 3
Let y(i) = -i**2 - 8*i + 2. Let q be y(-8). Suppose -6*m + 48 = -q*m. Suppose 4*d + 0 = m. What are the prime factors of d?
3
Let z = -13 - -8. What are the prime factors of (-71)/(-5) + z/25?
2, 7
Suppose -3*y = -6*y. Suppose y = -4*f + f + 15. List the prime factors of f.
5
Suppose -4*v - 12 = -292. Suppose k + v = 6*k. Suppose -2*c = -4*c + k. List the prime factors of c.
7
Suppose -i - 3*y = -4*y - 3, -1 = -i - y. Let b(p) = -5*p - 2 + 2*p - p**3 + 0*p**3 + 1 - 2*p**i. List the prime factors of b(-3).
17
Suppose -4*w + 4 + 4 = 0. Let q = -10 - -13. Suppose 12 = w*p + 2*j, 0 = -q*p - 2*j + 10 + 10. What are the prime factors of p?
2
Suppose 0 = 5*g + 5. Let a be (22 + (-6)/3)/g. What are the prime factors of (a/6)/((-2)/3)?
5
Suppose z + 2*b - 5*b - 16 = 0, -b + 18 = 2*z. List the prime factors of (-402)/(-9) + z/(-15).
2, 11
Suppose 3*l - 5*n + 4*n - 22 = 0, 0 = -2*l - 3*n + 33. Let j = 1 - l. Let c = -4 - j. List the prime factors of c.
2
Let z(w) = -w**3 + 10*w**2 - 5*w + 12. Let q be z(8). List the prime factors of ((-36)/(-10))/(15/q).
2, 3
Let l = 86 - 31. What are the prime factors of l?
5, 11
Let m(l) = l**2 + 4*l + 7. Let y be m(5). Suppose s + 12 = y. What are the prime factors of s?
2, 5
Let c(j) = -5*j**3 - 5*j**2 - 7*j - 1. Let h(y) = 2 + 11*y**3 - 2*y + 10*y**2 + y + 16*y. Let d(z) = -9*c(z) - 4*h(z). What are the prime factors of d(-3)?
2, 5
Suppose 14 + 1 = -3*q. Let g = 7 + q. Suppose -3*b + h = 5*h - 34, -g*h = -5*b + 48. What are the prime factors of b?
2, 5
Suppose 0 = -3*w + 9, -2*w - 106 = -2*l - 2*l. Let p = 49 - l. What are the prime factors of p?
3, 7
Let h = -85 + 146. What are the prime factors of h?
61
Suppose 5*x - 2*x = -2*u + 465, 155 = x + 3*u. What are the prime factors of x?
5, 31
List the prime factors of 0 - (-110 - (0 - (2 - 0))).
2, 3
Suppose 5*k - 900 = -4*x, k + 4*k - x - 900 = 0. Suppose -2*w = 3*w - k. List the prime factors of w.
2, 3
Suppose -50 = -21*j + 118. List the prime factors of j.
2
List the prime factors of -3 + (-4 - -3)*-34.
31
Let k(p) = -1 + p**3 + p + 2*p**3 - 2*p**3 - 2*p - 2*p**2. What are the prime factors of k(3)?
5
Let w(k) = 22*k - 4. Let m(n) = 15*n - 3. Let y(r) = -7*m(r) + 5*w(r). List the prime factors of y(2).
11
Let f(v) be the first derivative of 5*v**2/2 + v + 1. Let l be f(1). Let c = -3 + l. What are the prime factors of c?
3
Let o = 10 + -7. Suppose 0 = -4*g - 3*f + 9, -5*f + 6 = -o*g + 20. Suppose 0 = -2*j + 19 - g. List the prime factors of j.
2
Suppose -2*y - 43 = 13. Let f = -31 + 20. Let l = f - y. What are the prime factors of l?
17
Suppose -4*m = -4, 12 - 34 = -3*n - m. Let u(k) = -k**2 + 12*k + 10. Let o be u(n). What are the prime factors of o/(-6)*(-18)/15?
3
Suppose 0*z - z + 2*d = -20, z = 4*d + 14. Suppose -c - 50 - z = -2*i, -c = 3*i - 114. List the prime factors of i.
2, 19
Suppose -51 = -4*z + 13. Let h = z - 9. Let a = h + -3. List the prime factors of a.
2
Let l be (0 + 6)/2 + -3. Suppose v - 14 = -l. List the prime factors of v.
2, 7
Let h(z) = 5*z + 4. Let a be h(-8). Let d = -21 - a. What are the prime factors of d?
3, 5
Suppose 3*v - 4 = 4*v, 0 = -3*p - 2*v + 10. Suppose p + 4 = 5*n. Suppose 35 = 5*r - 4*o, -n*o - 12 = -0*r - 2*r. What are the prime factors of r?
11
Let u(t) = -t + 8. Let o(j) = -j**2 + 9*j - 7. Let z be o(7). Let i be u(z). Suppose 0 = 2*d - i - 19. List the prime factors of d.
2, 5
Let f(g) = g**3 + 4*g**2 - 5*g + 6. Suppose 15 = -5*n - 5*q, -2*n - 2*q = -7*n - 29. List the prime factors of f(n).
2, 3
Suppose -2*a = -4*c - 40, -2*a + 5*a - 3*c - 72 = 0. Let p = 44 - a. List the prime factors of p.
2
Let w = -3 - -5. Suppose w*f - 26 + 11 = 5*o, 5*f = -2*o + 23. Suppose -7 = -f*b - m, 0 = -0*b + b + 2*m + 4. What are the prime factors of b?
2
Let h = 50 + -176. List the prime factors of 9/36 - h/8.
2
Let k = 191 - 38. What are the prime factors of k?
3, 17
Let c = -93 + 139. List the prime factors of c.
2, 23
Suppose 0 = -2*x + 4*x + 4. Let m = 9 + x. Let t = m - -4. List the prime factors of t.
11
Let m(s) be the second derivative of -s**4/12 + s**3 + 5*s**2/2 - 3*s. Let v be (1 - -2)/3 + 4. What are the prime factors of m(v)?
2, 5
Let s be (33/2)/(7/28). Suppose 4*u - 75 = -0*j - 5*j, 5*u - s = 3*j. What are the prime factors of u?
3, 5
Suppose -2*p = p - 6. Let a(n) = -n + p + 2*n + 3. List the prime factors of a(6).
11
Let u be 44/(-12)*(-6)/(-2). Let c = -15 - u. Let j = 6 + c. List the prime factors of j.
2
Let q be (-3)/(3/1)*0. What are the prime factors of (11 + q)/(-3 - -4)?
11
Let o(g) = -g**2 - 40*g - 31*g + 80*g - 3. Suppose 0 = 3*z + 6 - 24. List the prime factors of o(z).
3, 5
Suppose -s = -2*k - 12, -4*s - k + 5 = 2. Let p = s + 2. List the prime factors of p + (0 - 1) + 12.
3, 5
Let o = -1 - -6. Let j = o - 10. What are the prime factors of 6*(-3)/6 - j?
2
Let j(f) = 9*f + 2. Suppose -2*v = -0*v - i - 2, -4*v - 2*i + 12 = 0. Let r be j(v). Let k = r + -11. List the prime factors of k.
3
Let x(n) = n**2 + 6*n. Suppose -4*j - 4*a = -2*j - 8, -j = a + 1. Let h be x(j). Suppose r = 2*u - h + 2, -39 = -2*r - 3*u. List the prime factors of r.
2, 3
Let p(c) = c**2 - 6*c + 5. Let d be p(5). List the prime factors of 8*(d - (-6)/2).
2, 3
Suppose 3*w + 7*g = 4*